= a + x*n - 8. Suppose a*s = 6*s - 5048. Is s composite?
True
Let y be 14/(4/(0 - 2)). Is (11 - (-70)/y)/(1/413) a composite number?
True
Suppose -5*c = -w - 0 + 14, 0 = -4*w - c - 7. Is (-1 + w - -5148) + (4 - 3) a composite number?
False
Let d(k) = 41170*k - 1383. Is d(9) composite?
True
Let a be ((-4256)/(-48))/(6/(-1611)). Let x = 462 - a. Is x a prime number?
False
Let t(d) = 81*d**2 + 3*d + 3. Let r(u) = 2*u**2 + 7*u - 6. Let k be r(-4). Let w be t(k). Let n = w - 28. Is n prime?
True
Let h = 48 + -48. Suppose h = 55*p - 57*p + 754. Is p a composite number?
True
Suppose 0 = -3*q, 0 = 4*g - 8*q + 7*q - 4384. Suppose -g - 4212 = -4*n. Is n a prime number?
True
Suppose 10*x - 3*x - 5694357 = -12*x. Is x a prime number?
False
Suppose a - 8 = 2*f - 4*f, -3*a = -f + 4. Suppose -5*c + 14543 = 2*q, 21825 = f*q - q + 4*c. Is q composite?
True
Let b be 28/(-3 + (-65)/(-15)). Suppose -38434 = 19*i - b*i. Is i composite?
True
Let c(n) = 4*n**2 - 11*n - 59. Let q be c(-5). Let u = -272 - -745. Let v = u - q. Is v prime?
False
Let o = -308 - -349. Let v(p) = 28*p + 213. Is v(o) prime?
True
Suppose 3*k - 6 = 0, b - 3*k + 3648 = 12449. Is b composite?
False
Let s(x) = 16*x - 78. Let t be s(5). Suppose t*p - 1802 = -3*v, -4*v = 6*p - 11*p + 4551. Is p a composite number?
False
Suppose f + 14 - 7 = 0, 2*c - 395099 = 3*f. Is c prime?
True
Let n = 1070326 + -744947. Is n prime?
True
Is 70/140 - (69/6)/(4/(-189276)) a composite number?
True
Let q be 12/36 + 4324/6. Let a = 3900 - 2288. Let f = q + a. Is f composite?
False
Suppose -4*u = -7*z + 12*z - 101039, -z = 5*u - 126304. Is u prime?
True
Suppose 241*p - 3781274 = 227*p. Is p prime?
False
Is ((-21)/6 - -2)*1163630/(-39) a composite number?
True
Let s be 38 - 1 - ((-4 - 6) + 8). Suppose -s*k + 682 = -28*k. Is k composite?
True
Let q be -6 - -11 - (3 - 1). Let h be 1/q - (-1 + 629/(-3)). Is (2 - (9 + -5)) + h a prime number?
False
Let f = -261886 + 826269. Is f prime?
False
Let c(v) = 4*v + 27. Let m be c(-6). Suppose -4*l + 5*l = m*i + 24, -i = 0. Is ((-134)/(-12))/(4/l) composite?
False
Let l be -398 + -1 + (-15 - -10). Let y(h) = 104*h**3 + h**2 + h - 1. Let n be y(-2). Let w = l - n. Is w composite?
True
Suppose 42*t - 46*t - 49075 = -p, -5*p + 16*t + 245403 = 0. Is p a composite number?
False
Suppose -3*z = 2*a - 468539, a + 18*z - 16*z - 234269 = 0. Is a composite?
False
Suppose 5*k + 6 = -3*t, k = -2*t - 0*t - 4. Suppose k = -4*i + 3646 + 2490. Let z = 2196 - i. Is z a composite number?
True
Let c(x) = 10*x**2 + 13*x - 2. Let j = 9 - 30. Let r = j + 12. Is c(r) a composite number?
False
Is (9618561/(-36))/(108/(-144)) prime?
True
Let f be -8*(-6)/(-8)*1. Let v(p) = -8*p + 3. Let t(o) = 5*o - 2. Let m(i) = 7*t(i) + 5*v(i). Is m(f) a prime number?
True
Suppose -u + 12517 = 5*p, 74*p + 2*u - 10016 = 70*p. Is p a composite number?
False
Let r = 20191 - 13310. Is r a composite number?
True
Let z = -106 + 108. Suppose z*y + 2 = 4*x + 6, 8 = -4*x + 3*y. Is (-63664)/(-69) + 5/(-3) + x prime?
False
Suppose 111 = 4*l - k, -2*k - 12 = -4*l + 94. Let o = l - 28. Is -62*(9/(-2) - o) prime?
False
Suppose 5*k - 71*h = -75*h + 837973, h + 335184 = 2*k. Is k composite?
False
Suppose 0 = -9*o + 97 + 56. Suppose -o*w + 88802 = -3*w. Is w a composite number?
False
Let g(h) = 52*h**3 - 7*h**2 - 92*h + 1. Is g(20) composite?
False
Let p(r) = -11122*r - 2485. Is p(-71) prime?
False
Let k = 15465 + -6562. Is k composite?
True
Suppose -f + 6 + 3 = 0. Let t be (2/4)/(3/2)*f. Is (-1)/9*3 - (-607)/t prime?
False
Let j(y) = 1809*y**2 - 25*y + 197. Is j(10) a composite number?
False
Suppose 2*h + s = 101, s = 2*s - 5. Is ((-16)/h)/((-1)/3957) composite?
False
Suppose -2*c - 1 + 13 = 0. Let n be ((-10)/c)/(6/(-18)). Suppose 0*f - 3*x = 5*f - 191, -5*x + 195 = n*f. Is f prime?
True
Let r = 161706 - 35953. Is r prime?
True
Let x(j) = -4 - 1 + 9*j + 0 + 0. Let z(r) = 54*r - 258. Let y be z(5). Is x(y) a prime number?
True
Let s be (-2 - -4)/((-27)/(-54)). Suppose -5209 = -i - 3*g, -2*i + s*i - 10462 = 5*g. Is i a composite number?
True
Suppose 8513271 + 3678513 = 24*y. Is y composite?
True
Suppose 0 = -117*y + 48*y + 50*y + 6350389. Is y composite?
False
Let w(k) = -k**3 - 5*k**2 + k. Let t(n) = -2*n**2 + n. Let v be t(-1). Let a(p) = p**3 + 4*p**2 + 1. Let c(x) = v*a(x) - 4*w(x). Is c(-6) a composite number?
True
Suppose 2*i + 7249 = d - 13492, 10 = 2*i. Let t = d - 9184. Is t composite?
True
Let w(b) = -4515*b + 812. Is w(-13) composite?
True
Let h(k) = -5305*k + 184. Is h(-1) prime?
False
Let n(x) = -35740*x + 1077. Is n(-4) prime?
True
Let j(i) = 17*i**2 + 4*i - 13. Let v = -84 + 76. Is j(v) prime?
False
Let b be (-2 - (-4)/3)*6*-6. Suppose y + 4 = 0, f + 3*f = 3*y + b. Suppose -2*v = -2*i - 4294, -f*v + 4*i = -0*i - 6439. Is v composite?
True
Let i = 2489 + 1129. Let z = i - 2035. Is z prime?
True
Suppose 5*v - 7 = -n + 7, v - 4*n - 7 = 0. Let p be (-244)/(-8)*(v + -7). Let a = 1965 + p. Is a composite?
True
Let n(j) = j**3 + 4*j**2 - 3*j - 7. Let a be n(-3). Let s(m) = -183*m - 1 + 3 + a*m - 125*m. Is s(-1) a composite number?
True
Suppose -570*b + 604*b = 1075658. Is b composite?
True
Suppose 7*j - 210 = 119. Is j - -7785 - (2 - 1) a prime number?
False
Suppose -17*g + 12*g = -3*u - 359680, -2*g - 5*u = -143841. Is g prime?
True
Let p be (-3 - (-20 - 0)) + 4. Suppose p*l + 14567 = 28*l. Is l prime?
True
Is 15241348/141*(182/(-312) + (-8)/(-6)) prime?
True
Suppose 5*c + 5*z + 3 - 18 = 0, 4*c - 5*z = 30. Suppose d - 5*d + c*a = -1640, -5*d - 4*a = -2091. Is d/10*(-2)/(-4)*44 a composite number?
True
Suppose 0 = -2*w - 4*b - 4, 4*w - 6*b = -4*b + 22. Suppose 0 = -w*j + r + 2276, -687 = 2*j - 5*r - 1825. Suppose g = 3248 + j. Is g a composite number?
True
Suppose 225*h + 113239 = 228*h - b, -5*h + 188737 = b. Is h a prime number?
True
Suppose -43415 = 2*d - 5*q - 262273, 5*q + 20 = 0. Is d a prime number?
False
Let f = 136 + -136. Suppose -2*s + 106353 = 5*z - f*s, 42554 = 2*z + 4*s. Is z a prime number?
True
Let l(k) = k**3 - 34*k**2 - 157*k + 21. Is l(46) prime?
True
Let i(t) = 47*t**2 + 69*t + 357. Is i(43) prime?
True
Let z = -640 + 639. Is 2 - z/(8/147432) prime?
False
Let j = 289 + -187. Let d = j - 103. Is ((-12)/d)/4*307 prime?
False
Suppose -l = -9, 34*t - 570779 = 32*t + 3*l. Is t prime?
False
Let g = 5563 + -11717. Let p = g + 8708. Is p composite?
True
Suppose 0 = -7*c - 2017 - 1231. Let l = 1021 + c. Is l composite?
False
Let h(u) = -7*u**3 + 10*u**2 + 2*u - 38. Let a be h(13). Let l = a + 24506. Is l prime?
False
Let i be -4 + 6 + 0/2. Suppose 2*l + 3*l - i*t = 4945, -5*l + 4935 = -4*t. Is l prime?
True
Let i(n) = -n**3 + 7*n**2 - 6*n + 5. Let q be i(6). Suppose 103493 = q*l - 3*s, -7*l - s = -8*l + 20697. Is l composite?
True
Let o = 3257990 - 1879801. Is o composite?
False
Let l = -10261 - -1883. Let f = 13365 + l. Is f prime?
True
Suppose -4658 = -3*r + 30373. Let f = r - 1904. Is f composite?
True
Let u = 20174 + -10951. Suppose 0 = p + h - 3073, -9*p - u = -12*p - 5*h. Is p a prime number?
False
Let k(t) = -2*t + 8. Let w be k(3). Suppose 4*z + p = 2239, w*p + 0*p = -z + 551. Let g = 197 + z. Is g a composite number?
True
Suppose 4*t + 4*r + 32 = 0, r = -2*t - 5 - 10. Let p(o) = 90*o**2 - 9*o + 8. Is p(t) prime?
True
Let d(n) = 3*n**2 + 4*n + 983. Suppose 8*g = 14*g + 16*g. Is d(g) a prime number?
True
Suppose 252*c - 264*c - 828 = 0. Is (-2799819)/c + (-42)/483 composite?
False
Let c be -48*((-9)/2 - (-24)/(-16)). Suppose 16*d - c = -64. Suppose 0 = -d*j + 12*j + 938. Is j composite?
True
Let z(y) = 21*y**3 + 20*y**2 + 22*y - 16. Is z(19) prime?
False
Suppose -2*x - 5*d + 3 = 0, x - d = -3*x - 27. Let u(f) = 7*f + 28. Let z be u(x). Is ((-161)/(-2))/(-7)*z prime?
False
Let f(r) = -6*r**2 - 25*r - 19. Let z be f(-13). Suppose -95 = -v + 164. Let y = v - z. Is y prime?
True
Let n be 3/(-15) + 2/10. Suppose -9*b + 4*x + 7422 = -7*b, n = -3*b - 5*x + 11177. Is b a prime number?
True
Let b(s) = s**2 + 6*s + 12 + 37*s - 3*s**3 + s**3 - 15*s. Is b(-13) composite?
False
Let d(y) = 8*y**2 + 4. Let i be d(2). Let c = -40 + i. Is 7791/35 + c/(-10) composite?
False
Let c = -221 + 209. Is (-92578)/c - (-26)/156 composite?
True
Suppose c - 54 = -58, -2*l + 13046 = -c. Is l composite?
False
Let z = 28 - 29. Let l(w) = 